f 401458?
5
What is the hundreds digit of 273408?
4
What is the ten thousands digit of 1731268?
3
What is the hundred thousands digit of 1045588?
0
What is the thousands digit of 155041?
5
What is the ten thousands digit of 7405393?
0
What is the hundred thousands digit of 167489?
1
What is the tens digit of 12262192?
9
What is the units digit of 795399?
9
What is the hundreds digit of 2153346?
3
What is the hundreds digit of 7825667?
6
What is the ten thousands digit of 325190?
2
What is the tens digit of 467349?
4
What is the hundred thousands digit of 2875474?
8
What is the hundreds digit of 7697416?
4
What is the millions digit of 1331305?
1
What is the units digit of 2874787?
7
What is the ten thousands digit of 1114326?
1
What is the tens digit of 785158?
5
What is the hundreds digit of 6092095?
0
What is the millions digit of 7285190?
7
What is the tens digit of 952650?
5
What is the hundred thousands digit of 105555?
1
What is the tens digit of 193059?
5
What is the ten thousands digit of 743843?
4
What is the units digit of 4727552?
2
What is the hundred thousands digit of 13254875?
2
What is the millions digit of 15431394?
5
What is the hundred thousands digit of 1132644?
1
What is the hundreds digit of 26224874?
8
What is the thousands digit of 170848?
0
What is the ten thousands digit of 9235116?
3
What is the thousands digit of 1430202?
0
What is the tens digit of 174226?
2
What is the tens digit of 264937?
3
What is the tens digit of 1482580?
8
What is the thousands digit of 3342245?
2
What is the thousands digit of 1492517?
2
What is the millions digit of 7334702?
7
What is the tens digit of 18225777?
7
What is the thousands digit of 109494?
9
What is the millions digit of 6581985?
6
What is the hundreds digit of 108358?
3
What is the tens digit of 1898511?
1
What is the hundreds digit of 18878288?
2
What is the thousands digit of 2988486?
8
What is the hundred thousands digit of 352489?
3
What is the units digit of 2952325?
5
What is the units digit of 711566?
6
What is the thousands digit of 2729325?
9
What is the thousands digit of 2049541?
9
What is the tens digit of 21793291?
9
What is the ten thousands digit of 1280052?
8
What is the ten millions digit of 31733024?
3
What is the tens digit of 2912263?
6
What is the units digit of 2945036?
6
What is the tens digit of 3532609?
0
What is the tens digit of 1271224?
2
What is the thousands digit of 1198349?
8
What is the units digit of 245471?
1
What is the hundred thousands digit of 418941?
4
What is the thousands digit of 22787933?
7
What is the tens digit of 3014779?
7
What is the ten thousands digit of 2593827?
9
What is the units digit of 9485589?
9
What is the tens digit of 195163?
6
What is the millions digit of 9134626?
9
What is the tens digit of 6373173?
7
What is the hundred thousands digit of 3110061?
1
What is the thousands digit of 487967?
7
What is the millions digit of 2239026?
2
What is the thousands digit of 1059342?
9
What is the hundreds digit of 178748?
7
What is the millions digit of 1069209?
1
What is the hundred thousands digit of 899009?
8
What is the hundred thousands digit of 475079?
4
What is the hundred thousands digit of 3846784?
8
What is the hundred thousands digit of 286707?
2
What is the tens digit of 1526195?
9
What is the tens digit of 319248?
4
What is the hundreds digit of 298414?
4
What is the units digit of 579405?
5
What is the thousands digit of 374237?
4
What is the hundred thousands digit of 6077363?
0
What is the thousands digit of 586419?
6
What is the hundreds digit of 275495?
4
What is the ten thousands digit of 375543?
7
What is the hundreds digit of 17746591?
5
What is the tens digit of 124473?
7
What is the units digit of 2659?
9
What is the millions digit of 7259047?
7
What is the thousands digit of 647823?
7
What is the ten thousands digit of 394405?
9
What is the ten thousands digit of 223595?
2
What is the hundred thousands digit of 1557715?
5
What is the units digit of 722598?
8
What is the units digit of 15914469?
9
What is the hundreds digit of 438742?
7
What is the tens digit of 13668723?
2
What is the hundreds digit of 13506074?
0
What is the thousands digit of 9492382?
2
What is the tens digit of 43323391?
9
What is the hundred thousands digit of 770442?
7
What is the hundreds digit of 23961028?
0
What is the hundred thousands digit of 812377?
8
What is the hundreds digit of 14506575?
5
What is the hundreds digit of 1032812?
8
What is the tens digit of 213316?
1
What is the tens digit of 13723?
2
What is the tens digit of 3123773?
7
What is the ten thousands digit of 327738?
2
What is the hundreds digit of 42126?
1
What is the thousands digit of 1226321?
6
What is the units digit of 707584?
4
What is the tens digit of 5740901?
0
What is the ten thousands digit of 3669104?
6
What is the ten thousands digit of 2402588?
0
What is the hundreds digit of 1354895?
8
What is the thousands digit of 27872532?
2
What is the tens digit of 346597?
9
What is the hundreds digit of 190150?
1
What is the ten thousands digit of 3309946?
0
What is the ten thousands digit of 8649294?
4
What is the units digit of 8863820?
0
What is the ten millions digit of 16202666?
1
What is the ten thousands digit of 4866340?
6
What is the units digit of 44999?
9
What is the hundred thousands digit of 1160711?
1
What is the tens digit of 6161906?
0
What is the hundreds digit of 53193?
1
What is the tens digit of 3674659?
5
What is the thousands digit of 3643061?
3
What is the millions digit of 26652688?
6
What is the hundreds digit of 24686799?
7
What is the hundreds digit of 8927708?
7
What is the hundreds digit of 10843402?
4
What is the ten thousands digit of 6790791?
9
What is the millions digit of 41321847?
1
What is the hundreds digit of 1737620?
6
What is the ten thousands digit of 34575449?
7
What is the thousands digit of 194706?
4
What is the ten thousands digit of 5938425?
3
What is the millions digit of 1088196?
1
What is the hundreds digit of 2182884?
8
What is the millions digit of 15230733?
5
What is the hundred thousands digit of 1107451?
1
What is the thousands digit of 22641047?
1
What is the tens digit of 3490655?
5
What is the hundred thousands digit of 956595?
9
What is the units digit of 46815?
5
What is the ten thousands digit of 322180?
2
What is the millions digit of 12257281?
2
What is the ten thousands digit of 49354?
4
What is the units digit of 13471510?
0
What is the tens digit of 262445?
4
What is the ten thousands digit of 2127717?
2
What is the hundred thousands digit of 326969?
3
What is the hundreds digit of 871445?
4
What is the hundreds digit of 849612?
6
What is the thousands digit of 1661094?
1
What is the thousands digit of 3966860?
6
What is the hundred thousands digit of 673879?
6
What is the thousands digit of 418198?
8
What is the thousands digit of 62240?
2
What is the units digit of 288863?
3
What is the ten thousands digit of 11824294?
2
What is the hundred thousands digit of 977329?
9
What is the thousands digit of 1558138?
8
What is the hundred thousands digit of 2118424?
1
What is the thousands digit of 11314133?
4
What is the units digit of 1105122?
2
What is the hundred thousands digit of 2607691?
6
What is the tens digit of 19800540?
4
What is the tens digit of 158889?
8
What is the hundreds digit of 240490?
4
What is the thousands digit of 236023?
6
What is the hundred thousands digit of 278327?
2
What is the hundreds digit of 2136726?
7
What is the ten thousands digit of 208149?
0
What is the millions digit of 2108620?
2
What is the ten thousands digit of 6948105?
4
What is the thousands digit of 56442?
6
What is the hundred thousands digit of 4729311?
7
What is the tens digit of 4692715?
1
What is the hundred thousands digit of 1025337?
0
What is the millions digit of 1445431?
1
What is the thousands digit of 89656?
9
What is the units digit of 20241720?
0
What is the tens digit of 176195?
9
What is the hundreds digit of 283102?
1
What is the thousands digit of 25622?
5
What is the hundreds digit of 553377?
3
What is the units digit of 1246352?
2
What is the millions digit of 4376732?
4
What is the thousands digit of 65457?
5
What is the units digit of 2913899?
9
What is the tens digit of 385